tor of 104 and 236?
4
What is the highest common factor of 4 and 10732?
4
What is the greatest common divisor of 187795 and 1775?
355
What is the greatest common divisor of 119 and 24?
1
What is the greatest common divisor of 3436347 and 771?
771
Calculate the highest common divisor of 2258014 and 3126.
1042
What is the greatest common factor of 215341 and 7?
7
What is the greatest common factor of 108876 and 24?
12
What is the highest common divisor of 47793 and 267?
267
What is the highest common divisor of 4 and 150560?
4
What is the greatest common divisor of 1876320 and 1800?
360
Calculate the highest common factor of 1140 and 167656.
76
What is the greatest common factor of 105 and 540?
15
Calculate the greatest common divisor of 72 and 1005390.
18
What is the highest common divisor of 26358 and 1242?
138
What is the greatest common factor of 5184 and 2432?
64
Calculate the highest common divisor of 1494 and 936.
18
Calculate the greatest common factor of 197964 and 3572.
188
Calculate the highest common factor of 1020 and 2580.
60
Calculate the greatest common divisor of 6 and 92553.
3
What is the greatest common factor of 120 and 2580?
60
Calculate the greatest common divisor of 4 and 82200.
4
Calculate the greatest common factor of 73 and 443986.
73
What is the greatest common factor of 454121 and 85?
17
Calculate the highest common divisor of 65 and 20397.
13
Calculate the highest common divisor of 786 and 1658067.
393
What is the highest common factor of 58378 and 2023?
289
Calculate the highest common factor of 1120 and 5936.
112
Calculate the greatest common factor of 48354 and 6.
6
What is the highest common divisor of 298 and 503?
1
What is the greatest common divisor of 18 and 49278?
6
Calculate the greatest common divisor of 8308 and 103046.
134
What is the highest common divisor of 204864 and 9894?
582
What is the greatest common divisor of 85434 and 522?
174
What is the greatest common factor of 175 and 1190?
35
Calculate the greatest common divisor of 59010 and 28770.
210
Calculate the highest common divisor of 592 and 355200.
592
What is the greatest common factor of 26275 and 1600?
25
Calculate the highest common factor of 6910 and 20.
10
What is the greatest common factor of 526 and 142546?
526
Calculate the highest common divisor of 294 and 41895.
147
What is the greatest common divisor of 4950 and 355?
5
Calculate the highest common divisor of 380 and 100073.
19
Calculate the greatest common divisor of 14 and 1151486.
14
What is the greatest common factor of 20620 and 15?
5
What is the highest common factor of 5686670 and 3740?
1870
Calculate the greatest common factor of 34 and 108103.
17
Calculate the greatest common factor of 10525 and 1684.
421
Calculate the highest common factor of 572887 and 21.
7
What is the greatest common factor of 66 and 171974?
22
What is the greatest common factor of 532 and 314811?
133
Calculate the greatest common factor of 1368 and 342.
342
What is the greatest common divisor of 220 and 1760?
220
Calculate the highest common divisor of 12168 and 1800.
72
Calculate the greatest common divisor of 119399 and 1036.
259
What is the greatest common divisor of 7857 and 8051?
97
Calculate the highest common factor of 22016 and 60.
4
What is the highest common factor of 21 and 1617?
21
What is the highest common factor of 1494 and 44986?
166
Calculate the greatest common factor of 32 and 164416.
32
Calculate the greatest common divisor of 397814 and 13470.
898
Calculate the highest common factor of 233 and 286823.
233
Calculate the greatest common divisor of 3925147 and 17.
17
What is the greatest common divisor of 24257 and 1528?
191
Calculate the highest common divisor of 40755 and 39.
39
What is the greatest common divisor of 62 and 134664?
62
Calculate the highest common factor of 92096 and 32.
32
Calculate the greatest common divisor of 25665 and 24.
3
What is the greatest common factor of 16 and 134?
2
What is the greatest common factor of 1875 and 1575?
75
What is the greatest common divisor of 95 and 7600?
95
What is the greatest common divisor of 1467 and 9738?
9
Calculate the highest common divisor of 3488 and 59623.
109
What is the highest common divisor of 126 and 35742?
42
What is the highest common factor of 3773 and 383131?
343
Calculate the highest common factor of 34490 and 20.
10
Calculate the greatest common divisor of 23 and 2114183.
23
Calculate the greatest common factor of 609 and 405768.
87
What is the greatest common factor of 7843 and 105369?
341
What is the highest common factor of 705 and 500785?
235
Calculate the greatest common divisor of 65863 and 679.
679
What is the greatest common divisor of 57855 and 95?
95
Calculate the highest common divisor of 43516 and 207.
23
What is the greatest common factor of 102688 and 32?
32
Calculate the highest common divisor of 27588 and 6468.
132
What is the highest common divisor of 28812 and 140?
28
Calculate the highest common factor of 5 and 14015.
5
Calculate the highest common divisor of 3632 and 2032.
16
What is the highest common factor of 409095 and 45?
45
What is the greatest common divisor of 395808 and 399?
399
Calculate the greatest common divisor of 8 and 14156.
4
Calculate the highest common factor of 290322 and 54.
18
Calculate the greatest common divisor of 32177 and 276.
23
What is the greatest common divisor of 590893 and 529?
529
What is the greatest common factor of 55204 and 962?
74
What is the highest common factor of 12593 and 3341?
257
Calculate the highest common factor of 6383742 and 6648.
1662
What is the greatest common factor of 45 and 2055?
15
What is the greatest common divisor of 12 and 14548?
4
What is the highest common factor of 198 and 302313?
33
What is the highest common factor of 24048 and 4676?
668
What is the highest common factor of 154 and 4840?
22
What is the greatest common factor of 58935 and 45?
15
What is the highest common divisor of 6 and 41469?
3
What is the highest common factor of 79534 and 126?
14
Calculate the greatest common divisor of 548904 and 48.
24
What is the greatest common divisor of 254680 and 30?
10
Calculate the greatest common factor of 128768 and 84001.
503
What is the highest common factor of 381726 and 54?
54
What is the highest common divisor of 6 and 279828?
6
Calculate the greatest common divisor of 546 and 115962.
42
What is the greatest common divisor of 12760 and 180554?
638
Calculate the highest common factor of 216 and 64152.
216
Calculate the greatest common divisor of 9253746 and 306.
306
Calculate the highest common factor of 3735 and 75.
15
Calculate the greatest common factor of 4096578 and 6.
6
Calculate the highest common divisor of 238302 and 2322.
54
Calculate the greatest common factor of 7367749 and 731.
731
What is the highest common factor of 3232 and 9448?
8
What is the highest common factor of 4022049 and 241?
241
Calculate the highest common divisor of 9037 and 2844073.
1291
What is the highest common divisor of 123385 and 10?
5
Calculate the greatest common factor of 84 and 24636.
12
What is the highest common divisor of 1090 and 605713?
109
What is the highest common divisor of 1917 and 143988?
213
What is the greatest common factor of 9855 and 454790?
365
Calculate the highest common divisor of 85965 and 4785.
165
What is the highest common factor of 105816 and 40?
8
Calculate the greatest common divisor of 12958 and 684.
38
What is the greatest common divisor of 771 and 19018?
257
What is the greatest common factor of 25515 and 19215?
315
Calculate the highest common divisor of 180 and 152580.
60
What is the highest common divisor of 168070 and 70?
70
What is the greatest common divisor of 45 and 19539?
9
Calculate the highest common factor of 83106 and 189.
27
Calculate the greatest common factor of 4085 and 2470.
95
What is the greatest common factor of 211650 and 1650?
150
Calculate the highest common factor of 192 and 27328.
64
What is the highest common divisor of 212 and 2915318?
106
Calculate the highest common factor of 4608 and 17088.
192
Calculate the greatest common factor of 129 and 503229.
129
Calculate the greatest common divisor of 531 and 1023768.
531
What is the greatest common factor of 142 and 328020?
142
Wha